{"id":72,"date":"2023-11-23T12:19:40","date_gmt":"2023-11-23T12:19:40","guid":{"rendered":"http:\/\/localhost\/globalresearch\/?page_id=72"},"modified":"2025-09-20T11:42:16","modified_gmt":"2025-09-20T11:42:16","slug":"estudos-de-viabilidade","status":"publish","type":"page","link":"https:\/\/globalresearch-mz.com\/index.php\/estudos-de-viabilidade\/","title":{"rendered":"Estudos de viabilidade"},"content":{"rendered":"\t\t<div data-elementor-type=\"wp-page\" data-elementor-id=\"72\" class=\"elementor elementor-72\">\n\t\t\t\t<div class=\"elementor-element elementor-element-a5171f6 e-flex e-con-boxed e-con e-parent\" data-id=\"a5171f6\" data-element_type=\"container\" data-e-type=\"container\" data-settings=\"{&quot;background_background&quot;:&quot;classic&quot;}\">\n\t\t\t\t\t<div class=\"e-con-inner\">\n\t\t\t\t<div class=\"elementor-element elementor-element-053de0f elementor-widget elementor-widget-heading\" data-id=\"053de0f\" data-element_type=\"widget\" data-e-type=\"widget\" data-widget_type=\"heading.default\">\n\t\t\t\t<div class=\"elementor-widget-container\">\n\t\t\t\t\t<h1 class=\"elementor-heading-title elementor-size-default\">\nEstudos de viabilidade<\/h1>\t\t\t\t<\/div>\n\t\t\t\t<\/div>\n\t\t\t\t\t<\/div>\n\t\t\t\t<\/div>\n\t\t<div class=\"elementor-element elementor-element-616cc63 e-flex e-con-boxed e-con e-parent\" data-id=\"616cc63\" data-element_type=\"container\" data-e-type=\"container\">\n\t\t\t\t\t<div class=\"e-con-inner\">\n\t\t\t\t<div class=\"elementor-element elementor-element-3cd5d29 elementor-widget__width-inherit elementor-widget elementor-widget-text-editor\" data-id=\"3cd5d29\" data-element_type=\"widget\" data-e-type=\"widget\" data-widget_type=\"text-editor.default\">\n\t\t\t\t<div class=\"elementor-widget-container\">\n\t\t\t\t\t\t\t\t\t<p>Convista a identificar e minimizar os riscos de planos de projectos, oferecemos servi\u00e7os de:<\/p>\t\t\t\t\t\t\t\t<\/div>\n\t\t\t\t<\/div>\n\t\t\t\t<div class=\"elementor-element elementor-element-bd6e472 elementor-widget__width-inherit elementor-icon-list--layout-traditional elementor-list-item-link-full_width elementor-widget elementor-widget-icon-list\" data-id=\"bd6e472\" data-element_type=\"widget\" data-e-type=\"widget\" data-widget_type=\"icon-list.default\">\n\t\t\t\t<div class=\"elementor-widget-container\">\n\t\t\t\t\t\t\t<ul class=\"elementor-icon-list-items\">\n\t\t\t\t\t\t\t<li class=\"elementor-icon-list-item\">\n\t\t\t\t\t\t\t\t\t\t\t<span class=\"elementor-icon-list-icon\">\n\t\t\t\t\t\t\t<svg aria-hidden=\"true\" class=\"e-font-icon-svg e-fas-check\" viewBox=\"0 0 512 512\" xmlns=\"http:\/\/www.w3.org\/2000\/svg\"><path d=\"M173.898 439.404l-166.4-166.4c-9.997-9.997-9.997-26.206 0-36.204l36.203-36.204c9.997-9.998 26.207-9.998 36.204 0L192 312.69 432.095 72.596c9.997-9.997 26.207-9.997 36.204 0l36.203 36.204c9.997 9.997 9.997 26.206 0 36.204l-294.4 294.401c-9.998 9.997-26.207 9.997-36.204-.001z\"><\/path><\/svg>\t\t\t\t\t\t<\/span>\n\t\t\t\t\t\t\t\t\t\t<span class=\"elementor-icon-list-text\">Avalia\u00e7\u00e3o do impacto ambiental, desastres naturais e eventos extremos<\/span>\n\t\t\t\t\t\t\t\t\t<\/li>\n\t\t\t\t\t\t\t\t<li class=\"elementor-icon-list-item\">\n\t\t\t\t\t\t\t\t\t\t\t<span class=\"elementor-icon-list-icon\">\n\t\t\t\t\t\t\t<svg aria-hidden=\"true\" class=\"e-font-icon-svg e-fas-check\" viewBox=\"0 0 512 512\" xmlns=\"http:\/\/www.w3.org\/2000\/svg\"><path d=\"M173.898 439.404l-166.4-166.4c-9.997-9.997-9.997-26.206 0-36.204l36.203-36.204c9.997-9.998 26.207-9.998 36.204 0L192 312.69 432.095 72.596c9.997-9.997 26.207-9.997 36.204 0l36.203 36.204c9.997 9.997 9.997 26.206 0 36.204l-294.4 294.401c-9.998 9.997-26.207 9.997-36.204-.001z\"><\/path><\/svg>\t\t\t\t\t\t<\/span>\n\t\t\t\t\t\t\t\t\t\t<span class=\"elementor-icon-list-text\">Avalia\u00e7\u00e3o do mercado\/campo de implementa\u00e7\u00e3o de projectos (disponibilidade, oferta &amp; procura) \/ (acesso, utiliza\u00e7\u00e3o e disponibilidade)<\/span>\n\t\t\t\t\t\t\t\t\t<\/li>\n\t\t\t\t\t\t\t\t<li class=\"elementor-icon-list-item\">\n\t\t\t\t\t\t\t\t\t\t\t<span class=\"elementor-icon-list-icon\">\n\t\t\t\t\t\t\t<svg aria-hidden=\"true\" class=\"e-font-icon-svg e-fas-check\" viewBox=\"0 0 512 512\" xmlns=\"http:\/\/www.w3.org\/2000\/svg\"><path d=\"M173.898 439.404l-166.4-166.4c-9.997-9.997-9.997-26.206 0-36.204l36.203-36.204c9.997-9.998 26.207-9.998 36.204 0L192 312.69 432.095 72.596c9.997-9.997 26.207-9.997 36.204 0l36.203 36.204c9.997 9.997 9.997 26.206 0 36.204l-294.4 294.401c-9.998 9.997-26.207 9.997-36.204-.001z\"><\/path><\/svg>\t\t\t\t\t\t<\/span>\n\t\t\t\t\t\t\t\t\t\t<span class=\"elementor-icon-list-text\">An\u00e1lises de viabilidade para implementa\u00e7\u00e3o de projectos<\/span>\n\t\t\t\t\t\t\t\t\t<\/li>\n\t\t\t\t\t\t<\/ul>\n\t\t\t\t\t\t<\/div>\n\t\t\t\t<\/div>\n\t\t\t\t<div class=\"elementor-element elementor-element-b27ef4a elementor-widget elementor-widget-image\" data-id=\"b27ef4a\" data-element_type=\"widget\" data-e-type=\"widget\" data-widget_type=\"image.default\">\n\t\t\t\t<div class=\"elementor-widget-container\">\n\t\t\t\t\t\t\t\t\t\t\t\t\t\t\t<img fetchpriority=\"high\" decoding=\"async\" width=\"1366\" height=\"444\" src=\"https:\/\/globalresearch-mz.com\/wp-content\/uploads\/2023\/11\/3-EstudosViabilidade.jpg\" class=\"attachment-1536x1536 size-1536x1536 wp-image-354\" alt=\"\" srcset=\"https:\/\/globalresearch-mz.com\/wp-content\/uploads\/2023\/11\/3-EstudosViabilidade.jpg 1366w, https:\/\/globalresearch-mz.com\/wp-content\/uploads\/2023\/11\/3-EstudosViabilidade-300x98.jpg 300w, https:\/\/globalresearch-mz.com\/wp-content\/uploads\/2023\/11\/3-EstudosViabilidade-1024x333.jpg 1024w, https:\/\/globalresearch-mz.com\/wp-content\/uploads\/2023\/11\/3-EstudosViabilidade-768x250.jpg 768w\" sizes=\"(max-width: 1366px) 100vw, 1366px\" \/>\t\t\t\t\t\t\t\t\t\t\t\t\t\t\t<\/div>\n\t\t\t\t<\/div>\n\t\t\t\t\t<\/div>\n\t\t\t\t<\/div>\n\t\t\t\t<\/div>\n\t\t","protected":false},"excerpt":{"rendered":"<p>Estudos de viabilidade Convista a identificar e minimizar os riscos de planos de projectos, oferecemos servi\u00e7os de: Avalia\u00e7\u00e3o do impacto ambiental, desastres naturais e eventos extremos Avalia\u00e7\u00e3o do mercado\/campo de implementa\u00e7\u00e3o de projectos (disponibilidade, oferta &amp; procura) \/ (acesso, utiliza\u00e7\u00e3o e disponibilidade) An\u00e1lises de viabilidade para implementa\u00e7\u00e3o de projectos<\/p>\n","protected":false},"author":1,"featured_media":0,"parent":0,"menu_order":0,"comment_status":"closed","ping_status":"closed","template":"","meta":{"inline_featured_image":false,"site-sidebar-layout":"no-sidebar","site-content-layout":"","ast-site-content-layout":"full-width-container","site-content-style":"default","site-sidebar-style":"default","ast-global-header-display":"","ast-banner-title-visibility":"","ast-main-header-display":"","ast-hfb-above-header-display":"","ast-hfb-below-header-display":"","ast-hfb-mobile-header-display":"","site-post-title":"disabled","ast-breadcrumbs-content":"","ast-featured-img":"disabled","footer-sml-layout":"","theme-transparent-header-meta":"","adv-header-id-meta":"","stick-header-meta":"","header-above-stick-meta":"","header-main-stick-meta":"","header-below-stick-meta":"","astra-migrate-meta-layouts":"","ast-page-background-enabled":"default","ast-page-background-meta":{"desktop":{"background-color":"var(--ast-global-color-4)","background-image":"","background-repeat":"repeat","background-position":"center center","background-size":"auto","background-attachment":"scroll","background-type":"","background-media":"","overlay-type":"","overlay-color":"","overlay-gradient":""},"tablet":{"background-color":"","background-image":"","background-repeat":"repeat","background-position":"center center","background-size":"auto","background-attachment":"scroll","background-type":"","background-media":"","overlay-type":"","overlay-color":"","overlay-gradient":""},"mobile":{"background-color":"","background-image":"","background-repeat":"repeat","background-position":"center center","background-size":"auto","background-attachment":"scroll","background-type":"","background-media":"","overlay-type":"","overlay-color":"","overlay-gradient":""}},"ast-content-background-meta":{"desktop":{"background-color":"var(--ast-global-color-5)","background-image":"","background-repeat":"repeat","background-position":"center center","background-size":"auto","background-attachment":"scroll","background-type":"","background-media":"","overlay-type":"","overlay-color":"","overlay-gradient":""},"tablet":{"background-color":"var(--ast-global-color-5)","background-image":"","background-repeat":"repeat","background-position":"center center","background-size":"auto","background-attachment":"scroll","background-type":"","background-media":"","overlay-type":"","overlay-color":"","overlay-gradient":""},"mobile":{"background-color":"var(--ast-global-color-5)","background-image":"","background-repeat":"repeat","background-position":"center center","background-size":"auto","background-attachment":"scroll","background-type":"","background-media":"","overlay-type":"","overlay-color":"","overlay-gradient":""}},"footnotes":""},"class_list":["post-72","page","type-page","status-publish","hentry"],"yoast_head":"<!-- This site is optimized with the Yoast SEO plugin v27.0 - https:\/\/yoast.com\/product\/yoast-seo-wordpress\/ -->\n<title>Estudos de viabilidade - Global Research<\/title>\n<meta name=\"robots\" content=\"index, follow, max-snippet:-1, max-image-preview:large, max-video-preview:-1\" \/>\n<link rel=\"canonical\" href=\"https:\/\/globalresearch-mz.com\/index.php\/estudos-de-viabilidade\/\" \/>\n<meta property=\"og:locale\" content=\"en_US\" \/>\n<meta property=\"og:type\" content=\"article\" \/>\n<meta property=\"og:title\" content=\"Estudos de viabilidade - Global Research\" \/>\n<meta property=\"og:description\" content=\"Estudos de viabilidade Convista a identificar e minimizar os riscos de planos de projectos, oferecemos servi\u00e7os de: Avalia\u00e7\u00e3o do impacto ambiental, desastres naturais e eventos extremos Avalia\u00e7\u00e3o do mercado\/campo de implementa\u00e7\u00e3o de projectos (disponibilidade, oferta &amp; procura) \/ (acesso, utiliza\u00e7\u00e3o e disponibilidade) An\u00e1lises de viabilidade para implementa\u00e7\u00e3o de projectos\" \/>\n<meta property=\"og:url\" content=\"https:\/\/globalresearch-mz.com\/index.php\/estudos-de-viabilidade\/\" \/>\n<meta property=\"og:site_name\" content=\"Global Research\" \/>\n<meta property=\"article:modified_time\" content=\"2025-09-20T11:42:16+00:00\" \/>\n<meta property=\"og:image\" content=\"https:\/\/globalresearch-mz.com\/wp-content\/uploads\/2023\/11\/3-EstudosViabilidade.jpg\" \/>\n\t<meta property=\"og:image:width\" content=\"1366\" \/>\n\t<meta property=\"og:image:height\" content=\"444\" \/>\n\t<meta property=\"og:image:type\" content=\"image\/jpeg\" \/>\n<meta name=\"twitter:card\" content=\"summary_large_image\" \/>\n<meta name=\"twitter:label1\" content=\"Est. reading time\" \/>\n\t<meta name=\"twitter:data1\" content=\"1 minute\" \/>\n<script type=\"application\/ld+json\" class=\"yoast-schema-graph\">{\"@context\":\"https:\/\/schema.org\",\"@graph\":[{\"@type\":\"WebPage\",\"@id\":\"https:\/\/globalresearch-mz.com\/index.php\/estudos-de-viabilidade\/\",\"url\":\"https:\/\/globalresearch-mz.com\/index.php\/estudos-de-viabilidade\/\",\"name\":\"Estudos de viabilidade - Global Research\",\"isPartOf\":{\"@id\":\"https:\/\/globalresearch-mz.com\/#website\"},\"primaryImageOfPage\":{\"@id\":\"https:\/\/globalresearch-mz.com\/index.php\/estudos-de-viabilidade\/#primaryimage\"},\"image\":{\"@id\":\"https:\/\/globalresearch-mz.com\/index.php\/estudos-de-viabilidade\/#primaryimage\"},\"thumbnailUrl\":\"https:\/\/globalresearch-mz.com\/wp-content\/uploads\/2023\/11\/3-EstudosViabilidade.jpg\",\"datePublished\":\"2023-11-23T12:19:40+00:00\",\"dateModified\":\"2025-09-20T11:42:16+00:00\",\"breadcrumb\":{\"@id\":\"https:\/\/globalresearch-mz.com\/index.php\/estudos-de-viabilidade\/#breadcrumb\"},\"inLanguage\":\"en-US\",\"potentialAction\":[{\"@type\":\"ReadAction\",\"target\":[\"https:\/\/globalresearch-mz.com\/index.php\/estudos-de-viabilidade\/\"]}]},{\"@type\":\"ImageObject\",\"inLanguage\":\"en-US\",\"@id\":\"https:\/\/globalresearch-mz.com\/index.php\/estudos-de-viabilidade\/#primaryimage\",\"url\":\"https:\/\/globalresearch-mz.com\/wp-content\/uploads\/2023\/11\/3-EstudosViabilidade.jpg\",\"contentUrl\":\"https:\/\/globalresearch-mz.com\/wp-content\/uploads\/2023\/11\/3-EstudosViabilidade.jpg\",\"width\":1366,\"height\":444},{\"@type\":\"BreadcrumbList\",\"@id\":\"https:\/\/globalresearch-mz.com\/index.php\/estudos-de-viabilidade\/#breadcrumb\",\"itemListElement\":[{\"@type\":\"ListItem\",\"position\":1,\"name\":\"Home\",\"item\":\"https:\/\/globalresearch-mz.com\/\"},{\"@type\":\"ListItem\",\"position\":2,\"name\":\"Estudos de viabilidade\"}]},{\"@type\":\"WebSite\",\"@id\":\"https:\/\/globalresearch-mz.com\/#website\",\"url\":\"https:\/\/globalresearch-mz.com\/\",\"name\":\"Global Research\",\"description\":\"\",\"potentialAction\":[{\"@type\":\"SearchAction\",\"target\":{\"@type\":\"EntryPoint\",\"urlTemplate\":\"https:\/\/globalresearch-mz.com\/?s={search_term_string}\"},\"query-input\":{\"@type\":\"PropertyValueSpecification\",\"valueRequired\":true,\"valueName\":\"search_term_string\"}}],\"inLanguage\":\"en-US\"}]}<\/script>\n<!-- \/ Yoast SEO plugin. -->","yoast_head_json":{"title":"Estudos de viabilidade - Global Research","robots":{"index":"index","follow":"follow","max-snippet":"max-snippet:-1","max-image-preview":"max-image-preview:large","max-video-preview":"max-video-preview:-1"},"canonical":"https:\/\/globalresearch-mz.com\/index.php\/estudos-de-viabilidade\/","og_locale":"en_US","og_type":"article","og_title":"Estudos de viabilidade - Global Research","og_description":"Estudos de viabilidade Convista a identificar e minimizar os riscos de planos de projectos, oferecemos servi\u00e7os de: Avalia\u00e7\u00e3o do impacto ambiental, desastres naturais e eventos extremos Avalia\u00e7\u00e3o do mercado\/campo de implementa\u00e7\u00e3o de projectos (disponibilidade, oferta &amp; procura) \/ (acesso, utiliza\u00e7\u00e3o e disponibilidade) An\u00e1lises de viabilidade para implementa\u00e7\u00e3o de projectos","og_url":"https:\/\/globalresearch-mz.com\/index.php\/estudos-de-viabilidade\/","og_site_name":"Global Research","article_modified_time":"2025-09-20T11:42:16+00:00","og_image":[{"width":1366,"height":444,"url":"https:\/\/globalresearch-mz.com\/wp-content\/uploads\/2023\/11\/3-EstudosViabilidade.jpg","type":"image\/jpeg"}],"twitter_card":"summary_large_image","twitter_misc":{"Est. reading time":"1 minute"},"schema":{"@context":"https:\/\/schema.org","@graph":[{"@type":"WebPage","@id":"https:\/\/globalresearch-mz.com\/index.php\/estudos-de-viabilidade\/","url":"https:\/\/globalresearch-mz.com\/index.php\/estudos-de-viabilidade\/","name":"Estudos de viabilidade - Global Research","isPartOf":{"@id":"https:\/\/globalresearch-mz.com\/#website"},"primaryImageOfPage":{"@id":"https:\/\/globalresearch-mz.com\/index.php\/estudos-de-viabilidade\/#primaryimage"},"image":{"@id":"https:\/\/globalresearch-mz.com\/index.php\/estudos-de-viabilidade\/#primaryimage"},"thumbnailUrl":"https:\/\/globalresearch-mz.com\/wp-content\/uploads\/2023\/11\/3-EstudosViabilidade.jpg","datePublished":"2023-11-23T12:19:40+00:00","dateModified":"2025-09-20T11:42:16+00:00","breadcrumb":{"@id":"https:\/\/globalresearch-mz.com\/index.php\/estudos-de-viabilidade\/#breadcrumb"},"inLanguage":"en-US","potentialAction":[{"@type":"ReadAction","target":["https:\/\/globalresearch-mz.com\/index.php\/estudos-de-viabilidade\/"]}]},{"@type":"ImageObject","inLanguage":"en-US","@id":"https:\/\/globalresearch-mz.com\/index.php\/estudos-de-viabilidade\/#primaryimage","url":"https:\/\/globalresearch-mz.com\/wp-content\/uploads\/2023\/11\/3-EstudosViabilidade.jpg","contentUrl":"https:\/\/globalresearch-mz.com\/wp-content\/uploads\/2023\/11\/3-EstudosViabilidade.jpg","width":1366,"height":444},{"@type":"BreadcrumbList","@id":"https:\/\/globalresearch-mz.com\/index.php\/estudos-de-viabilidade\/#breadcrumb","itemListElement":[{"@type":"ListItem","position":1,"name":"Home","item":"https:\/\/globalresearch-mz.com\/"},{"@type":"ListItem","position":2,"name":"Estudos de viabilidade"}]},{"@type":"WebSite","@id":"https:\/\/globalresearch-mz.com\/#website","url":"https:\/\/globalresearch-mz.com\/","name":"Global Research","description":"","potentialAction":[{"@type":"SearchAction","target":{"@type":"EntryPoint","urlTemplate":"https:\/\/globalresearch-mz.com\/?s={search_term_string}"},"query-input":{"@type":"PropertyValueSpecification","valueRequired":true,"valueName":"search_term_string"}}],"inLanguage":"en-US"}]}},"_links":{"self":[{"href":"https:\/\/globalresearch-mz.com\/index.php\/wp-json\/wp\/v2\/pages\/72","targetHints":{"allow":["GET"]}}],"collection":[{"href":"https:\/\/globalresearch-mz.com\/index.php\/wp-json\/wp\/v2\/pages"}],"about":[{"href":"https:\/\/globalresearch-mz.com\/index.php\/wp-json\/wp\/v2\/types\/page"}],"author":[{"embeddable":true,"href":"https:\/\/globalresearch-mz.com\/index.php\/wp-json\/wp\/v2\/users\/1"}],"replies":[{"embeddable":true,"href":"https:\/\/globalresearch-mz.com\/index.php\/wp-json\/wp\/v2\/comments?post=72"}],"version-history":[{"count":13,"href":"https:\/\/globalresearch-mz.com\/index.php\/wp-json\/wp\/v2\/pages\/72\/revisions"}],"predecessor-version":[{"id":563,"href":"https:\/\/globalresearch-mz.com\/index.php\/wp-json\/wp\/v2\/pages\/72\/revisions\/563"}],"wp:attachment":[{"href":"https:\/\/globalresearch-mz.com\/index.php\/wp-json\/wp\/v2\/media?parent=72"}],"curies":[{"name":"wp","href":"https:\/\/api.w.org\/{rel}","templated":true}]}}